e the prime factors of 1476?
2, 3, 41
List the prime factors of 6943.
53, 131
List the prime factors of 901.
17, 53
What are the prime factors of 235?
5, 47
What are the prime factors of 184?
2, 23
What are the prime factors of 27097?
7, 79
List the prime factors of 2302.
2, 1151
List the prime factors of 35209.
137, 257
What are the prime factors of 11290?
2, 5, 1129
List the prime factors of 410.
2, 5, 41
List the prime factors of 211.
211
What are the prime factors of 5343?
3, 13, 137
List the prime factors of 8652.
2, 3, 7, 103
List the prime factors of 7124.
2, 13, 137
What are the prime factors of 949?
13, 73
List the prime factors of 2851.
2851
What are the prime factors of 33584?
2, 2099
List the prime factors of 1201.
1201
List the prime factors of 15890.
2, 5, 7, 227
List the prime factors of 2309.
2309
List the prime factors of 10620.
2, 3, 5, 59
List the prime factors of 2654.
2, 1327
List the prime factors of 1005.
3, 5, 67
What are the prime factors of 6166?
2, 3083
List the prime factors of 1890.
2, 3, 5, 7
What are the prime factors of 13757?
13757
What are the prime factors of 2063?
2063
What are the prime factors of 5165?
5, 1033
List the prime factors of 45599.
45599
List the prime factors of 14156.
2, 3539
List the prime factors of 7193.
7193
What are the prime factors of 48?
2, 3
What are the prime factors of 26857?
107, 251
List the prime factors of 2189.
11, 199
List the prime factors of 130962.
2, 3, 13, 23, 73
What are the prime factors of 102257?
293, 349
What are the prime factors of 6272?
2, 7
What are the prime factors of 5507?
5507
List the prime factors of 928.
2, 29
What are the prime factors of 59489?
19, 31, 101
List the prime factors of 3525.
3, 5, 47
List the prime factors of 2283.
3, 761
List the prime factors of 81954.
2, 3, 29, 157
What are the prime factors of 156569?
7, 22367
List the prime factors of 1875.
3, 5
What are the prime factors of 61769?
19, 3251
What are the prime factors of 1154?
2, 577
List the prime factors of 7596.
2, 3, 211
What are the prime factors of 33810?
2, 3, 5, 7, 23
What are the prime factors of 86939?
86939
List the prime factors of 1042.
2, 521
List the prime factors of 473.
11, 43
What are the prime factors of 108145?
5, 43, 503
List the prime factors of 274.
2, 137
What are the prime factors of 1573?
11, 13
List the prime factors of 112577.
112577
What are the prime factors of 158?
2, 79
What are the prime factors of 4712?
2, 19, 31
What are the prime factors of 13693?
13693
List the prime factors of 21039.
3, 7013
List the prime factors of 1040.
2, 5, 13
List the prime factors of 73835.
5, 14767
What are the prime factors of 843?
3, 281
List the prime factors of 1515.
3, 5, 101
What are the prime factors of 21177?
3, 13, 181
What are the prime factors of 1710?
2, 3, 5, 19
List the prime factors of 18887.
11, 17, 101
What are the prime factors of 19075?
5, 7, 109
What are the prime factors of 159169?
159169
List the prime factors of 3004.
2, 751
List the prime factors of 937.
937
List the prime factors of 1304.
2, 163
What are the prime factors of 146507?
239, 613
What are the prime factors of 13300?
2, 5, 7, 19
What are the prime factors of 16440?
2, 3, 5, 137
List the prime factors of 75974.
2, 37987
What are the prime factors of 361?
19
What are the prime factors of 26480?
2, 5, 331
What are the prime factors of 35684?
2, 11, 811
List the prime factors of 1066.
2, 13, 41
What are the prime factors of 567?
3, 7
List the prime factors of 563.
563
What are the prime factors of 599?
599
What are the prime factors of 8730?
2, 3, 5, 97
List the prime factors of 28146.
2, 3, 4691
List the prime factors of 7119.
3, 7, 113
List the prime factors of 13315.
5, 2663
List the prime factors of 154151.
139, 1109
List the prime factors of 4587.
3, 11, 139
What are the prime factors of 9331?
7, 31, 43
List the prime factors of 627.
3, 11, 19
List the prime factors of 22549.
22549
What are the prime factors of 1150?
2, 5, 23
List the prime factors of 972.
2, 3
What are the prime factors of 108315?
3, 5, 29, 83
List the prime factors of 175592.
2, 47, 467
What are the prime factors of 88468?
2, 17, 1301
What are the prime factors of 26534?
2, 13267
What are the prime factors of 1019?
1019
List the prime factors of 1276.
2, 11, 29
What are the prime factors of 1324?
2, 331
What are the prime factors of 116?
2, 29
List the prime factors of 4528.
2, 283
List the prime factors of 7255.
5, 1451
What are the prime factors of 3322?
2, 11, 151
List the prime factors of 54634.
2, 59, 463
What are the prime factors of 4560?
2, 3, 5, 19
List the prime factors of 2031.
3, 677
What are the prime factors of 3536?
2, 13, 17
What are the prime factors of 5437?
5437
What are the prime factors of 23064?
2, 3, 31
List the prime factors of 294.
2, 3, 7
What are the prime factors of 49722?
2, 3, 8287
What are the prime factors of 58300?
2, 5, 11, 53
List the prime factors of 47512.
2, 5939
List the prime factors of 32.
2
What are the prime factors of 465?
3, 5, 31
List the prime factors of 1253.
7, 179
What are the prime factors of 10404?
2, 3, 17
What are the prime factors of 4453?
61, 73
What are the prime factors of 38790?
2, 3, 5, 431
What are the prime factors of 1166?
2, 11, 53
What are the prime factors of 395?
5, 79
List the prime factors of 3791.
17, 223
What are the prime factors of 458?
2, 229
List the prime factors of 2550.
2, 3, 5, 17
List the prime factors of 5930.
2, 5, 593
What are the prime factors of 26726?
2, 7, 23, 83
What are the prime factors of 24077?
24077
List the prime factors of 1077.
3, 359
List the prime factors of 37625.
5, 7, 43
What are the prime factors of 2648?
2, 331
What are the prime factors of 6267?
3, 2089
What are the prime factors of 42241?
53, 797
List the prime factors of 753.
3, 251
List the prime factors of 6975.
3, 5, 31
List the prime factors of 31165.
5, 23, 271
What are the prime factors of 90?
2, 3, 5
List the prime factors of 1180.
2, 5, 59
List the prime factors of 271.
271
List the prime factors of 8544.
2, 3, 89
List the prime factors of 1048.
2, 131
What are the prime factors of 7626?
2, 3, 31, 41
What are the prime factors of 1739?
37, 47
List the prime factors of 16291.
11, 1481
List the prime factors of 1101.
3, 367
List the prime factors of 31953.
3, 10651
What are the prime factors of 15870?
2, 3, 5, 23
What are the prime factors of 27258?
2, 3, 7, 11, 59
List the prime factors of 1537.
29, 53
What are the prime factors of 954?
2, 3, 53
What are the prime factors of 73257?
3, 24419
List the prime factors of 613.
613
List the prime factors of 748.
2, 11, 17
What are the prime factors of 1144?
2, 11, 13
List the prime factors of 1716.
2, 3, 11, 13
What are the prime factors of 97846?
2, 7, 29, 241
List the prime factors of 100330.
2, 5, 79, 127
List the prime factors of 128509.
128509
List the prime factors of 9.
3
List the prime factors of 5610.
2, 3, 5, 11, 17
List the prime factors of 11321.
11321
What are the prime factors of 1760?
2, 5, 11
List the prime factors of 671.
11, 61
What are the prime factors of 33729?
3, 11243
List the prime factors of 319.
11, 29
List the prime factors of 2467.
2467
What are the prime factors of 3670?
2, 5, 367
List the prime factors of 46014.
2, 3, 7669
What are the prime factors of 12051?
3, 13, 103
What are the prime factors of 3840?
2, 3, 5
What are the prime factors of 2977?
13, 229
What are the prime factors of 48485?
5, 9697
List the prime factors of 974.
2, 487
What are the prime factors of 1073?
29, 37
What are the prime factors of 145477?
145477
What are the prime factors of 129419?
129419
What are the prime factors of 1009?
1009
List the prime factors of 2212.
2, 7, 79
List the prime factors of 17337.
3, 5779
What are the prime factors of 3026?
2, 17, 89
What are the prime factors of 1338?
2, 3, 223
List the prime factors of 148.
2, 37
List the prime factors of 971.
971
List the prime factors of 7301.
7, 149
What are the prime factors of 3279?
3, 1093
List the prime factors of 457.
457
What are the prime factors of 482?
2, 241
What are the prime factors of 2214?
2, 3, 41
What are the prime factors of 50691?
3, 61, 277
What are the prime factors of 1460?
2, 5, 73
What are the prime factors of 654?
2, 3, 